rs of (-13)/(78/12)*(3212/(-8) + -1).
5, 7, 23
Let r(w) = -w**3 - 12*w**2 - 6*w - 12. Let c be r(-12). List the prime factors of (1335/(-6))/((-10)/c).
3, 5, 89
Let k(g) = 4*g + 4. Suppose f = -36 + 39. Suppose -9 - 6 = -3*x, 2*x = f*n + 1. List the prime factors of k(n).
2
Suppose 0 = -4*w - 920 + 172. Let u(h) = -4*h**2 + 65*h + 82. Let n be u(19). Let g = n - w. List the prime factors of g.
2, 3, 5
Let p(a) = -11098*a + 49. What are the prime factors of p(-1)?
71, 157
Let l(m) = 434*m**2 + 83*m + 570. List the prime factors of l(-10).
2, 3, 5, 719
Suppose 12*h - 300 = 2*h. Suppose -5*j + 26 = 4*p - 3*j, -3*p - 5*j = -h. Suppose -65 = -4*u - p*f, -f = u + 4*f - 20. List the prime factors of u.
3, 5
Suppose 5*p - u = 27939, p - 73*u + 72*u = 5587. List the prime factors of p.
2, 11, 127
Suppose 4*u - 27840 = -25*u. What are the prime factors of u?
2, 3, 5
Let z(a) = -a**3 + 9*a**2 + 22*a + 8. Let y be z(11). What are the prime factors of -1 + -4 - (y + -7 + -522)?
2, 3, 43
Suppose -15*k + 3*k = 5*k - 498202. List the prime factors of k.
2, 14653
Suppose -9*l + 60 = -4*l. Suppose 4*y - d - l = 0, 0 = -0*d + 4*d. Suppose -3*m = -2*t + 154 - 0, 3*m = y*t - 237. List the prime factors of t.
83
Let y(g) = -85*g - 62. Let i(w) = -86*w - 64. Let o(n) = 2*i(n) - 3*y(n). What are the prime factors of o(6)?
2, 139
Let a(n) = 3*n**2 - 12*n. Let k be a(4). Let q(j) = -j**2 - 2*j. Let v be q(k). Suppose 5*w + 10 = 3*w, v = 3*x + 5*w - 587. List the prime factors of x.
2, 3, 17
What are the prime factors of (-519426)/(-459) - 36/(-102)?
2, 283
Suppose -t - 18 = -17*f + 20*f, f = 4*t + 7. List the prime factors of (t - 20/(-8))*145*-8.
2, 5, 29
Let j(s) be the second derivative of 5*s**3/6 - 17*s**2/2 - 36*s. Let a be -2*(18/(-4) + 1). List the prime factors of j(a).
2, 3
What are the prime factors of (3*1/3)/((-27)/(-1473147))?
3, 13, 1399
Let x be 4/16 + (-201)/(-24)*2. Suppose -2*b + x - 11 = 0. Suppose -b*r + 2*o = -300, 309 = 3*r - 8*o + 3*o. What are the prime factors of r?
2, 7
Let v(h) = -h**2 - 1414. Let m be v(0). Let u = m - -2742. What are the prime factors of u?
2, 83
Suppose -2*l + 46 = -44. Let g = l - 40. Suppose g*x = 5*m + 7 + 8, 4*m = 12. What are the prime factors of x?
2, 3
Let n be 24/(-2)*(40/(-12))/(-10). Let r(w) = 8*w**2 + 9*w + 12. What are the prime factors of r(n)?
2, 13
Suppose 0 = 10*y - 7*y + 12*y. Suppose -3*o + 6*h - 2*h + 522 = y, -12 = 4*h. Suppose -10*w - x = -6*w - 167, -4*w = 2*x - o. List the prime factors of w.
41
Let a be ((-3 - -3) + 4)*1. Suppose 0 = c + a*c - 280. Suppose -c = -4*m + t, 2*m + 2*m - 48 = 3*t. List the prime factors of m.
3, 5
Let w be (77/14 + 6)*12. Let p = 178 - w. What are the prime factors of p?
2, 5
Let r(z) = z**3 + 2*z**2 - z - 4. Let a be r(-2). What are the prime factors of a + 0 + 5/((-30)/(-852))?
2, 5, 7
Let i = -11129 + 13463. What are the prime factors of i?
2, 3, 389
Let s = 55 + -59. List the prime factors of s/(-12) - ((-591)/9 + 2).
2
Suppose 0 = 3*v + 3*n + 335 + 196, 0 = 5*v + 2*n + 882. Let z be v/66*261/(-2). Suppose 3*b - z = -b. What are the prime factors of b?
3, 29
Let l be ((-840)/100)/((-2)/(-120)). Let y = l + 680. List the prime factors of y.
2, 11
Let n = 14377 + -11371. List the prime factors of n.
2, 3, 167
Let s(v) = 965*v - 1424. What are the prime factors of s(12)?
2, 2539
Let b(v) = -18*v**2 + 43*v + 16. Let z(n) = 28*n**2 - 64*n - 24. Let g(p) = -8*b(p) - 5*z(p). List the prime factors of g(10).
2, 19
Suppose 4*k + 4*h + 18 - 10 = 0, 5*k + 2*h + 13 = 0. What are the prime factors of (-7)/k + (-62911)/(-159)?
2, 199
Let g = 58 + -60. What are the prime factors of (7/g*1)/((-17)/5066)?
7, 149
Let k = 27 - 28. Let h be 140*((-6)/(-4) + k). Suppose f + h = 6*f. List the prime factors of f.
2, 7
Suppose 3710852 = 18*x + 58*x. List the prime factors of x.
157, 311
Suppose 3*b - 121920 = -6*r, 26*r + 2*b = 29*r - 60960. What are the prime factors of r?
2, 5, 127
Let r = 661 - 643. Suppose -13*w = -r*w + 6580. List the prime factors of w.
2, 7, 47
Suppose -17*u = -296695 - 52230. List the prime factors of u.
5, 821
Let o = 15675 - 7631. List the prime factors of o.
2, 2011
Suppose 8*v - 3*v = 0. Suppose 9*g - 8*g = v. Suppose -2*k + 21 = -g*k - t, 5*t - 27 = -k. What are the prime factors of k?
2, 3
Suppose -9*c + 11 + 7 = 0. Suppose -z - 4*z + 5*j = 0, c*z + 2*j = 8. Suppose 57 = 2*y - 5*d, -z*y + 55 = -0*d - 3*d. What are the prime factors of y?
2, 13
Let x(k) be the third derivative of k**6/120 - 2*k**5/5 + 11*k**4/8 + k**3 + 7*k**2. List the prime factors of x(23).
2, 59
Let o = 148670 - 79714. What are the prime factors of o?
2, 17239
Suppose 4608 + 30756 = 28*u. Let l = u - 705. List the prime factors of l.
2, 3, 31
Let i(p) = -28*p**2 + 778*p + 38. List the prime factors of i(27).
2, 79
Let y(i) = 20*i - 12. Suppose -11*n + 15 = -8*n. List the prime factors of y(n).
2, 11
Let q(m) = 86*m + 31. Let n be q(2). Suppose -x + n = 24*v - 20*v, 4*x - 854 = -2*v. List the prime factors of x.
5, 43
List the prime factors of (4/6)/(4*2*14/1197672).
7129
Suppose 64546 = 8*q - 59318. What are the prime factors of q?
3, 13, 397
Let k(s) = -28*s + 1919. List the prime factors of k(-31).
3, 929
Let d(x) = x**2 + 8*x + 309. Let t be d(0). Let z = -96 + t. List the prime factors of z.
3, 71
Suppose -144802 = 9169*j - 9183*j. List the prime factors of j.
10343
Let p be (-77)/(-14) + ((-6)/4)/3. Suppose 0 = -u - 3*j + 263, p*u + 10*j - 9*j - 1371 = 0. List the prime factors of u.
5, 11
List the prime factors of ((-4047)/(-852))/((-151492)/(-50496) - 3).
2, 3, 19, 263
Let f(h) = h**2 + 16*h + 57. Let p be f(-11). Suppose w - p*x + 1785 = 6*w, 4*x = 3*w - 1097. List the prime factors of w.
359
Suppose 0 = 4*m + 4*b + 76, 0 = 5*m - m + 5*b + 81. Let h(c) = c**2 - 9*c + 5. Let v be h(7). What are the prime factors of m*(2 + v - 3)?
2, 5, 7
Let s(n) be the second derivative of n**5/20 + 5*n**4/3 + n**3 + 14*n**2 + 64*n. What are the prime factors of s(-19)?
5, 11
Let g(l) = -107*l - 108*l + 95 + 226*l. List the prime factors of g(26).
3, 127
Let y be (6 + 6)/4*205. Suppose 0 = -222*t + 225*t - y. What are the prime factors of t?
5, 41
Suppose -3*z + 4*p - 8 = 0, 128*p + 7 = 3*z + 127*p. Suppose 2*u - z*y + 5548 = 5*u, 4*y + 9300 = 5*u. What are the prime factors of u?
2, 29
Suppose -15 + 67 = 13*n. Suppose 20 = -n*h, 2*l - 189 = h + 2. List the prime factors of l.
3, 31
What are the prime factors of (6/(-7))/((-52)/273)*6624?
2, 3, 23
Suppose 0 = -x - q + 9, 5*q = -x + 16 + 5. Suppose -2*f - 3*l = 15, x*l = 3*l - 15. Suppose -2*a + 38 + 98 = f. What are the prime factors of a?
2, 17
Let f = -39504 - -22504. List the prime factors of f/(-102) - 1/(-3).
167
Suppose -55515 + 3944 - 11393 = -33*r. What are the prime factors of r?
2, 3, 53
Let c be -10 - (-10 - (-4 + 0)). List the prime factors of 534 + c + 7 + 0.
3, 179
Let z = -12226 + 23647. What are the prime factors of z?
3, 47
Let h be 37/2 + 2/(-4). Let k(p) = 20*p**2 - 36*p + 28*p**3 + 38*p**3 - 111*p**3 + 7 + 44*p**3. List the prime factors of k(h).
7
Suppose 7*z + 5*z = -324. Let i = 37 + z. Let c(p) = 2*p**2 - 3*p - 31. List the prime factors of c(i).
139
Suppose 6 = 2*n + 4*i, 5*n - 3*i - 30 = 11. Suppose 18*w - 24300 = -n*w. What are the prime factors of w?
2, 3
Let q(h) = 6*h + 20. Let g be q(-3). Suppose 2*k - 5*w = 175, g*k + 101 = 3*k + 2*w. Let x = k - -28. List the prime factors of x.
3, 41
Let o = -500 - -502. Suppose 1108 = o*g - 956. List the prime factors of g.
2, 3, 43
What are the prime factors of (-76460)/(-18) + (-158)/18 + (28 - 19)?
2, 3, 59
Let z(u) = 2047*u**2 + 184*u + 184. What are the prime factors of z(-1)?
23, 89
Let a(p) = 0*p + 0*p - p**3 + 0*p + 21 + 16*p**2 - p. Let l be a(16). Suppose l*j - 287 = -52. List the prime factors of j.
47
Let k be 7/(-35) + (78/(-5))/(-3). Suppose -4*n = w - 7 - 6, 5*n + k = 3*w. Suppose -4*g + n*g - 36 = -2*y, 2*g - 39 = -3*y. What are the prime factors of y?
3, 5
Suppose 34*b + 3*l = 31*b + 44196, -b + 5*l = -14702. List the prime factors of b.
3, 4909
Let t(f) = -18*f - 52. Suppose 5*g - 129 = 121. Let z = g + -63. List the prime factors of t(z).
2, 7, 13
Let d = 40 - 70. Suppose -4*v + 499 = 3*x, -26*x + 28*x - 327 = 3*v. Let j = x + d. What are the prime factors